 divisor of o and 507.
1
Let r = 46 - 2. Suppose 79 = 3*y + 79. Suppose -14*a + 544 + r = y. What is the greatest common factor of 42 and a?
42
Suppose 0*b + 5*b + 284 = -4*z, -2*b + 236 = -3*z. Let n = z + 116. Suppose a - 2*a = -4*w + 403, 4*a = -12. What is the highest common divisor of n and w?
20
Suppose -4*x = 0, -5*a - 2*x = -8*a + 6. Let g(q) = q**3 + 21*q**2 + 66*q - 27. Let w be g(-17). Calculate the highest common divisor of w and a.
1
Let a(o) = 59*o**3 - o**2 + 12*o - 19. Let r = -391 - -393. Let l be a(r). Calculate the greatest common divisor of 43 and l.
43
Let c = -10608 - -19625. What is the greatest common factor of 127 and c?
127
Let f(m) = -2*m + 11. Let h be f(15). Let u(b) = -4*b - 78. Let l be u(h). Let v be (-4 + -13)/(l/2). What is the greatest common factor of v and 17?
17
Let i(k) = 325*k**2 - 360*k - 360. Let l be i(-1). What is the greatest common factor of l and 725?
25
Let f(n) be the first derivative of 2*n**2 - n + 1. Let g be f(4). Let m be 0 - ((-10)/g - 2/6). Calculate the greatest common divisor of 1 and m.
1
Let g = 4033 - 3060. What is the greatest common factor of 77 and g?
7
Suppose w - 12*n - 242 = -9*n, 5*w = -4*n + 1096. Let s be (6/15)/((-8)/(-280)). Calculate the highest common factor of s and w.
14
Suppose 46*a + 36272 - 39722 = 0. Suppose 3*r - 125 = -2*r. Calculate the greatest common factor of a and r.
25
Suppose 2*z - 155 - 133 = 0. Let i be z/(-40)*(-110)/4. Suppose 0 = -4*j + 3*q + 44, -4*q + 44 = 4*j - q. What is the highest common divisor of j and i?
11
Let c(h) = 45*h - 1. Let s be c(1). Let u be 14/(28/(-4)) - (0 + -66). Let j = u - s. Calculate the greatest common factor of j and 4.
4
Let o(v) be the third derivative of -v**5/60 + 2*v**4/3 - 7*v**3 + 68*v**2 - 2*v. Let t be o(11). What is the highest common factor of 611 and t?
13
Let v be (-7*(-35)/147)/(2 - (-17)/(-9)). Suppose 4*o + 0*o - 12 = 0. Suppose -o*c = -c - 60. Calculate the highest common factor of c and v.
15
Suppose 5*n = 2*x + 83, -2*x + 37 = 13*n - 10*n. Suppose 2*g = -2*y + 28, -n*y + 11*y - 5*g = -52. What is the greatest common divisor of 84 and y?
6
Suppose -110*l = -21*l - 17444. Calculate the highest common divisor of l and 188.
4
Let w = -207 + 210. Suppose -p + 0*p + 26 = -w*y, -2*y - 78 = -3*p. What is the greatest common divisor of 312 and p?
26
Let s be 5 - (-6 + (-66)/(-6)). Suppose s = b + 5*n + 30 - 93, 0 = 5*b + 4*n - 336. What is the greatest common divisor of 17 and b?
17
Let q(p) = -p**2 + 7*p + 72. Let k be q(14). Let f(g) = -g + 12. Let s be f(k). What is the highest common factor of s and 38?
38
Let q = 5767 + -4801. What is the greatest common factor of 210 and q?
42
Let l be 2975/170*(-26)/(-14)*4. Calculate the highest common factor of l and 3.
1
Let v = -29238 - -60235. Calculate the highest common factor of 223 and v.
223
Let s = 4214 + -2048. Calculate the highest common factor of s and 6.
6
Suppose 5*x = 3*k - 26, -13 = -4*k + 2*x + 3. Suppose 0 = 4*h - 5*w - 89, 0 = k*h - 5*w - 45 - 12. What is the greatest common factor of h and 144?
16
Let b = -57466 + 57536. Suppose -30 + 110 = -4*c - 4*v, 102 = -5*c - 3*v. Let u be (c - 1)/(-2) - 1. Calculate the highest common divisor of b and u.
10
Let u be ((-40824)/(-1323))/(6/56). Calculate the highest common factor of 99 and u.
9
Let y = 17 + -2. Suppose 161*q - 2840246 + 2835899 = 0. Calculate the greatest common divisor of y and q.
3
Suppose 3*m = -839 - 562. Let i = m - -746. What is the greatest common factor of i and 31?
31
Let r be (1704/(-16) + -7)*-6. Suppose 17*n + 120 = r. What is the highest common factor of 66 and n?
33
Let g(u) = 120*u**2 + u - 1. Let t be g(-1). Let r = t + -84. Calculate the highest common factor of 646 and r.
34
Suppose 0 = -5*m + 3*i + 1686, 2*i = 1 - 5. Let n be ((-2 + 1)*1)/((-16)/m). Calculate the greatest common factor of 28 and n.
7
Suppose 85*g - 1368 = 66*g. Calculate the highest common factor of 1536 and g.
24
Suppose 2*l + s = 7, 4*l + 4*s - 5*s = 23. Let h(r) = 10*r - 44. Let k be h(l). What is the greatest common divisor of 16 and k?
2
Let r = -10 + 13. Let c(x) = x**2 + 8*x + 15. Let f = 219 + -225. Let u be c(f). What is the highest common factor of r and u?
3
Suppose 31*c - 5*q = 35*c - 57, 2*c = -5*q + 21. What is the highest common divisor of c and 3054?
6
Suppose 276*a = 19565 + 35359. What is the highest common divisor of a and 9950?
199
Suppose -13*r - 89 = -362. Calculate the highest common divisor of r and 273.
21
Let f be 75 + -74 - (-2 - 0). Let h be ((-20)/f)/(12 + 434/(-36)). What is the highest common divisor of 180 and h?
60
Suppose -5*f - 1090 = -m, 0 = 97*m - 98*m - 3*f + 1066. Suppose 0 = 16*a - 19*a + 75. What is the highest common factor of m and a?
25
Suppose 180*l - 324*l - 342400 = -160*l. What is the highest common divisor of 200 and l?
200
Let z = -81 - -97. Suppose 5*u = a + z + 55, -4*a + 16 = 0. What is the greatest common divisor of u and 45?
15
Suppose -200 = -5*m + 2*w, -5*m + 27*w + 200 = 29*w. Calculate the highest common divisor of 25 and m.
5
Let t = 3446 - 3418. Let i = 1 + 16. Let d = 24 - i. What is the greatest common divisor of t and d?
7
Let c(d) = -294*d + 5702. Let h be c(18). What is the highest common divisor of 902 and h?
82
Let q(c) = 2*c**3 - 5*c**2 + 7. Let l be q(3). Let s(r) = 4*r - 35. Let z be s(l). Calculate the greatest common factor of 58 and z.
29
Let o = -3336 + 3505. Calculate the greatest common divisor of 416 and o.
13
Let o = 4683 + -4669. Calculate the greatest common divisor of 574 and o.
14
Let p(k) = k**3 + 10*k**2 + 28*k + 74. Let y be p(-6). What is the highest common divisor of 160 and y?
10
Suppose 282 + 96 = 9*g. Suppose 3*z - 5*x - g = 43, -4*x + 20 = 2*z. Let j = -8 + z. What is the greatest common factor of j and 3?
3
Suppose -5*t + 85 = 5*u, 6*u - 7*u = -2*t + 19. Let n be (4 - -288 - 4)*t/24. Suppose 0 = 2*v + v - 48. Calculate the greatest common divisor of v and n.
16
Let b = 4 + 6. Let z(c) = c**3 + 3*c**2 - c + 1. Let u be z(-3). Suppose 3*n = u*a - 455, 2*n = 3*a - 464 + 124. What is the greatest common factor of b and a?
10
Let t(p) be the first derivative of 14*p**3/3 - 3*p**2/2 + 42. Let v be t(-6). Calculate the highest common factor of 18 and v.
18
Let c(u) = 449*u**2 - 1. Let i be c(-1). Let o = 14033 - 13905. What is the greatest common factor of o and i?
64
Let w(t) = 10*t**2 - 821*t + 99. Let b be w(82). What is the greatest common factor of b and 3060?
17
Let d = -513 - -14781. Calculate the highest common divisor of d and 82.
82
Let j be 5/(-15)*(-2 - 1 - 24). Let y = 9 - j. Suppose -2*a - 4*a + 192 = y. What is the greatest common factor of 16 and a?
16
Suppose 0 = -1178*x + 1243*x - 44720. What is the highest common factor of 43 and x?
43
Let l = -97192 - -97335. Suppose 0 = 4*o + 4*r - 40, -r + 41 = 3*o + 9. Calculate the greatest common factor of l and o.
11
Suppose 9*z + 20 = 13*z. Suppose -11*g + z*g - 312 = 0. Let d be (7 + g)*6/(-9). What is the highest common factor of 10 and d?
10
Suppose 207*h + 4802 = 12047. Calculate the highest common factor of h and 305.
5
Suppose 3686 = 200*p - 103*p. Calculate the greatest common factor of p and 15086.
38
Suppose 4*g + 488 = -0*q + q, 5*q = g + 2516. What is the greatest common factor of q and 1116?
36
Let s = -29 + 77. Suppose s = 2*z + 26. Let b(l) = -6*l + 4. Let h be b(-3). Calculate the greatest common factor of z and h.
11
Let t be 9 - (-15 - (10 + 4)). Calculate the greatest common factor of t and 4294.
38
Let o be ((-10)/(-45) - (-70)/(-72))*-32. Let z be 144/o + (-2 - -5). Let l(u) = -3*u. Let i be l(-9). Calculate the greatest common factor of i and z.
9
Suppose 185*z - 107*z = 14196. Let t(x) = -3*x**2 - x + 28. Let c be t(0). Calculate the greatest common factor of c and z.
14
Let x = 3234 + -3109. Calculate the greatest common divisor of x and 85.
5
Let h = -12789 - -26222. What is the highest common divisor of h and 133?
133
Suppose -15*w = -111*w + 32*w + 71360. Calculate the highest common divisor of 5 and w.
5
Let v be 5 - ((-1)/2 - 8575/70). Suppose -6*k + 10 = -11*k. Let t be k/8 - 645/(-20). What is the highest common divisor of t and v?
32
Let j be 5/((-15)/(-12)) - (-3 + 0 + 4). What is the greatest common divisor of 1377 and j?
3
Supp